 divided by 44260.
9
Calculate the remainder when 36309977 is divided by 421.
411
Calculate the remainder when 853418983 is divided by 766.
765
Calculate the remainder when 104914 is divided by 771.
58
Calculate the remainder when 9433975 is divided by 180.
175
Calculate the remainder when 4017 is divided by 989.
61
What is the remainder when 332204423 is divided by 8?
7
Calculate the remainder when 7505495 is divided by 343.
312
What is the remainder when 2849335 is divided by 135?
25
Calculate the remainder when 418198 is divided by 731.
66
Calculate the remainder when 4030593 is divided by 349.
341
What is the remainder when 12102470 is divided by 112?
86
What is the remainder when 20795877 is divided by 5212?
5209
Calculate the remainder when 5107357 is divided by 678.
661
What is the remainder when 24626934 is divided by 2851?
2847
What is the remainder when 5716270 is divided by 300?
70
Calculate the remainder when 497464 is divided by 1555.
1419
What is the remainder when 705080 is divided by 123?
44
Calculate the remainder when 14192 is divided by 1464.
1016
Calculate the remainder when 64261 is divided by 1153.
846
What is the remainder when 6314711 is divided by 9553?
178
What is the remainder when 3802180 is divided by 4963?
522
Calculate the remainder when 815650 is divided by 12022.
10176
Calculate the remainder when 20109033 is divided by 275466.
15
Calculate the remainder when 32660 is divided by 832.
212
What is the remainder when 14088 is divided by 1378?
308
Calculate the remainder when 508604 is divided by 1772.
40
Calculate the remainder when 4601591 is divided by 24.
23
What is the remainder when 136248664 is divided by 27?
22
What is the remainder when 164084562 is divided by 15?
12
Calculate the remainder when 9361025 is divided by 1921.
1913
Calculate the remainder when 239492 is divided by 1556.
1424
Calculate the remainder when 2072540 is divided by 46056.
20
Calculate the remainder when 75724 is divided by 18714.
868
Calculate the remainder when 65689767 is divided by 81.
63
What is the remainder when 143209 is divided by 2186?
1119
Calculate the remainder when 15656668 is divided by 3914163.
16
What is the remainder when 41708 is divided by 1635?
833
Calculate the remainder when 22535863 is divided by 55.
53
Calculate the remainder when 8357230 is divided by 6365.
6350
Calculate the remainder when 491897 is divided by 245939.
19
What is the remainder when 73581640 is divided by 522?
520
Calculate the remainder when 20957911 is divided by 2522.
91
What is the remainder when 3237702 is divided by 77088?
6
Calculate the remainder when 1340363 is divided by 335063.
111
Calculate the remainder when 2612467 is divided by 51223.
94
Calculate the remainder when 5515805 is divided by 2757870.
65
What is the remainder when 460076 is divided by 43?
19
What is the remainder when 8574469 is divided by 95?
54
What is the remainder when 962327 is divided by 3176?
3175
Calculate the remainder when 18946386 is divided by 53.
52
What is the remainder when 26118470 is divided by 7867?
30
What is the remainder when 13167811 is divided by 40392?
19
Calculate the remainder when 2269324 is divided by 6.
4
Calculate the remainder when 295901 is divided by 63.
53
Calculate the remainder when 1579086 is divided by 39.
15
What is the remainder when 2393761 is divided by 167?
150
What is the remainder when 282720 is divided by 186?
0
What is the remainder when 372018 is divided by 979?
977
Calculate the remainder when 1197833 is divided by 1196604.
1229
Calculate the remainder when 1585081 is divided by 5098.
4701
Calculate the remainder when 4613 is divided by 3504.
1109
Calculate the remainder when 102323395 is divided by 2089.
2086
What is the remainder when 9285 is divided by 297?
78
What is the remainder when 5226898 is divided by 9186?
64
What is the remainder when 7630 is divided by 4631?
2999
Calculate the remainder when 17066 is divided by 4104.
650
Calculate the remainder when 155949 is divided by 30636.
2769
Calculate the remainder when 302725 is divided by 2522.
85
Calculate the remainder when 12687 is divided by 1681.
920
What is the remainder when 1809557139 is divided by 219?
216
What is the remainder when 42586 is divided by 1249?
120
What is the remainder when 22228976 is divided by 5710?
5656
Calculate the remainder when 54467 is divided by 236.
187
Calculate the remainder when 1137939 is divided by 348.
327
Calculate the remainder when 240623 is divided by 4010.
23
What is the remainder when 2562002 is divided by 2561963?
39
What is the remainder when 3249638 is divided by 433?
406
Calculate the remainder when 396376 is divided by 3491.
1893
Calculate the remainder when 99574 is divided by 8154.
1726
Calculate the remainder when 14301 is divided by 1005.
231
What is the remainder when 383948 is divided by 27412?
180
What is the remainder when 16357565 is divided by 195?
185
Calculate the remainder when 159957 is divided by 38994.
3981
Calculate the remainder when 85413476 is divided by 516.
512
What is the remainder when 13632439 is divided by 385?
359
What is the remainder when 2106822 is divided by 1537?
1132
What is the remainder when 12690916 is divided by 2134?
18
Calculate the remainder when 809118 is divided by 323.
3
Calculate the remainder when 79853534 is divided by 98.
96
Calculate the remainder when 4109515 is divided by 659.
650
What is the remainder when 1037411 is divided by 2041?
583
What is the remainder when 766377 is divided by 265?
262
What is the remainder when 6618 is divided by 2113?
279
Calculate the remainder when 952426 is divided by 85.
1
What is the remainder when 114875918 is divided by 1985?
1983
Calculate the remainder when 3025033 is divided by 56019.
7
Calculate the remainder when 11901020 is divided by 25.
20
Calculate the remainder when 322477 is divided by 80531.
353
What is the remainder when 9328382 is divided by 1587?
1583
Calculate the remainder when 525748 is divided by 21905.
28
Calculate the remainder when 703735 is divided by 3114.
3085
Calculate the remainder when 6182776 is divided by 1340.
16
What is the remainder when 57716 is divided by 24?
20
Calculate the remainder when 68161442 is divided by 934.
924
Calculate the remainder when 36566679 is divided by 946.
941
What is the remainder when 2131273 is divided by 426191?
318
Calculate the remainder when 777091 is divided by 196.
147
What is the remainder when 22988867 is divided by 438?
437
What is the remainder when 18521 is divided by 848?
713
Calculate the remainder when 53564 is divided by 26353.
858
What is the remainder when 358118 is divided by 4533?
11
Calculate the remainder when 28524131 is divided by 91.
90
Calculate the remainder when 6548781 is divided by 3274105.
571
Calculate the remainder when 162696 is divided by 32521.
91
Calculate the remainder when 142064062 is divided by 38911.
1
What is the remainder when 30540 is divided by 7614?
84
What is the remainder when 25290823 is divided by 988?
987
Calculate the remainder when 3153003 is divided by 6281.
6222
Calculate the remainder when 472531 is divided by 39377.
7
What is the remainder when 3936839 is divided by 2043?
2021
Calculate the remainder when 85268 is divided by 42324.
620
What is the remainder when 34050300 is divided by 36971?
9
Calculate the remainder when 2865781 is divided by 26.
9
Calculate the remainder when 11553239 is divided by 37.
26
Calculate the remainder when 1384684807 is divided by 1508.
1507
Calculate the remainder when 108975125 is divided by 269.
266
What is the remainder when 862241036 is divided by 651?
650
What is the remainder when 44363 is divided by 7388?
35
Calculate the remainder when 23420393 is divided by 349558.
7
What is the remainder when 1462968 is divided by 487644?
36
Calculate the remainder when 9127003 is divided by 662.
9
What is the remainder when 778 is divided by 697?
81
Calculate the remainder when 225410 is divided by 225393.
17
What is the remainder when 1840982 is divided by 368196?
2
What is the remainder when 237385 is divided by 6782?
15
Calculate the remainder when 102481526 is divided by 51240754.
18
What is the remainder when 108687 is divided by 15080?
3127
Calculate the remainder when 1681037 is